{"id":4255,"date":"2025-05-02T23:10:27","date_gmt":"2025-05-02T23:10:27","guid":{"rendered":"https:\/\/nucleomigra.cl\/sessions\/evaluacion-critica-de-las-politicas-de-integracion-de-migrantes-en-chile\/"},"modified":"2025-05-02T23:10:27","modified_gmt":"2025-05-02T23:10:27","slug":"evaluacion-critica-de-las-politicas-de-integracion-de-migrantes-en-chile","status":"publish","type":"sessions","link":"https:\/\/nucleomigra.cl\/es\/sessions\/evaluacion-critica-de-las-politicas-de-integracion-de-migrantes-en-chile\/","title":{"rendered":"Evaluaci\u00f3n cr\u00edtica de las pol\u00edticas de integraci\u00f3n de migrantes en Chile"},"content":{"rendered":"","protected":false},"featured_media":0,"template":"","class_list":["post-4255","sessions","type-sessions","status-publish","hentry"],"acf":[],"_links":{"self":[{"href":"https:\/\/nucleomigra.cl\/es\/wp-json\/wp\/v2\/sessions\/4255","targetHints":{"allow":["GET"]}}],"collection":[{"href":"https:\/\/nucleomigra.cl\/es\/wp-json\/wp\/v2\/sessions"}],"about":[{"href":"https:\/\/nucleomigra.cl\/es\/wp-json\/wp\/v2\/types\/sessions"}],"wp:attachment":[{"href":"https:\/\/nucleomigra.cl\/es\/wp-json\/wp\/v2\/media?parent=4255"}],"curies":[{"name":"wp","href":"https:\/\/api.w.org\/{rel}","templated":true}]}}

Evaluación crítica de las políticas de integración de migrantes en Chile
